of o?
7
Suppose 9 = -9*y + 10*y. Suppose 0 = 3*p - y, 2*i = -p + 34 + 141. What is the units digit of i?
6
Suppose 0 = -4*u - 2*i + 6*i + 312, -3*u - 2*i = -254. Suppose 5*b - u = -t, -3*t - b + 0*b + 288 = 0. What is the tens digit of t?
9
Let l(d) = 31*d - 134. What is the units digit of l(11)?
7
Suppose 5*i + 21 - 103 = 3*l, -5*i + 81 = -4*l. Let a = -15 + i. Let c(p) = 5*p**2 + 2. What is the tens digit of c(a)?
2
Suppose 0 = -3*d - 275 - 3265. What is the tens digit of 2/7 + d/(-35)?
3
Suppose 212 = -4*p + 2*p. What is the units digit of (p/(-4))/(2/4)?
3
Suppose 0*k - 4*k = 2*t + 558, -3*t + 3*k = 882. What is the tens digit of t/(-4) + 5/(-20)?
7
Suppose 3*v - 7883 - 2380 = -5*q, -5 = -5*v. What is the thousands digit of q?
2
What is the tens digit of 7675/20 - -1 - 5/(-20)?
8
Suppose 6*j - 3725 = 2941. What is the hundreds digit of j?
1
Let v(i) = 80*i**2 - 6*i + 15. What is the units digit of v(-3)?
3
Suppose 3*p + 9 = 3*t, -3*t + 16 + 0 = 4*p. Suppose -t*x + 1 = 9. Let i(j) = -2*j**3 + j**2 - 2*j + 1. What is the tens digit of i(x)?
2
Let y be (2/6)/((-1)/(-69)). Let m = y - 45. Let a = 37 + m. What is the units digit of a?
5
Let r(c) be the first derivative of 17*c**4/2 - c**3 + c**2 - 3. Let p be r(1). Let z = -27 + p. What is the units digit of z?
6
Let z(k) = -k**3 - 3*k**2 - 5. Let o(v) = v + 15. Let l be o(-13). Suppose 2*u = 5*x - 8, -l*u - 4*x + 20 = -7*u. What is the units digit of z(u)?
1
Let y(s) = 27*s**2 + 12*s - 81. What is the tens digit of y(14)?
7
Let c = 29 + -14. Let m = -50 + c. What is the units digit of ((-84)/m)/(2/15)?
8
Let g be 39 + (-2)/(3 - 1). Let f = -36 + g. What is the units digit of f?
2
Let c = -4910 + 8731. What is the hundreds digit of c?
8
Suppose -4 = 3*v + 8. What is the units digit of (-1 - 345/6)*(v - -2)?
7
Let a(m) = -m + 6. Let l be a(2). Let s be ((-12)/8)/((-2)/l). Suppose -s*o - 42 = -3*r + 36, o + 122 = 5*r. What is the units digit of r?
4
Let f(w) = -w**2 + 15*w - 14. Let q = 25 + -11. Let o be f(q). Suppose -4*c = o, 3*z - 5*z + 3*c + 32 = 0. What is the units digit of z?
6
Let w(d) = 36*d**2 + 5. Let j(t) = t**2 - 1. Let h(v) = 4*j(v) + w(v). Let c be h(-1). Let g = c - 23. What is the tens digit of g?
1
Let t(u) = -5*u**3 - 3*u**2 - 8*u + 15. What is the hundreds digit of t(-6)?
0
Let p(v) be the second derivative of -v**5/20 + v**3/6 + 39*v**2/2 - 7*v. What is the units digit of p(0)?
9
Suppose 51*m = 48*m + 957. Let s = m - 176. What is the tens digit of s?
4
Suppose -4*g - 2*w = -g - 28, 0 = -4*g - w + 29. Let s be ((-24)/18)/((-4)/g). Suppose s*u - 96 = -3*p, -5*u = p + 3 - 22. What is the units digit of p?
4
What is the thousands digit of 12*8/(-120)*-1470?
1
Suppose -3*x + 20 = -16. Let h(s) = -s**3 + 11*s**2 + 14*s - 13. What is the tens digit of h(x)?
1
Let s(i) = i**3 + i**2 + 2*i + 25. Suppose -3*d = -4*d - 2*d. What is the units digit of s(d)?
5
Suppose 4*w = 4*f - 388, 2*f = -w + 6*f - 82. Let g = 146 + w. Let z = 103 - g. What is the tens digit of z?
5
What is the hundreds digit of -9 + -1 + 10 - -990?
9
What is the units digit of 22/24 + 5/60?
1
Let s(o) = 4*o - 19. Let q be s(6). Suppose -q*n + 194 = 5*z - 121, -z = 5. What is the units digit of n?
8
Suppose 24470 = -54*w + 64*w. What is the tens digit of w?
4
Let k(g) = 408*g**2 - 115*g - 226. What is the hundreds digit of k(-2)?
6
Let p be 2 - (-1)/((-2)/24). Let m = -67 + 94. Let d = m + p. What is the units digit of d?
7
What is the hundreds digit of (57 - (2 - 5))*55/4?
8
Let t be ((-18)/(-8))/((-3)/8). What is the units digit of (-3 + t)*(0 + -9)?
1
Let u be (6/(-7))/(11/77). Let l = -3 - u. Suppose -l*z + 12 = -5*p - 5, 2*p - 66 = -4*z. What is the units digit of z?
4
Suppose 3*z = 8*z - 25. Suppose 5*a + 10 = z*i, 5*a = 4*i - 2 - 3. Let l = i - 0. What is the units digit of l?
5
Suppose 6*v = 2*v + 12. Let y(f) = 4*f**3 + 15*f - 6. What is the hundreds digit of y(v)?
1
Let y(v) = -100*v - 550. What is the thousands digit of y(-39)?
3
Suppose 5*v = 2*n - 11, 3*n - 17 = n - v. Let a = n - -105. What is the hundreds digit of a?
1
Let q(h) = -386*h - 287. What is the units digit of q(-9)?
7
Suppose -7*l = -2*l + 2*u - 10928, 0 = -5*l + u + 10916. What is the tens digit of l?
8
Let b be (-21*2/(-12))/((-1)/(-34)). Let g = b + 38. What is the units digit of g?
7
Suppose -3*d + 5*q = 6*q - 78, -2*d + 4*q = -38. Suppose 5*w = d, 0*z - 2*w = -4*z + 322. What is the tens digit of z?
8
Let h = 630 + -492. What is the tens digit of h?
3
Suppose 5*v + 3 = -2. Let f be 59 + (-3 - -3) + v. Let p = f - 34. What is the units digit of p?
4
Let y be ((-297)/(-63))/((-4)/(-14))*14. Suppose 4*d = 795 - y. What is the hundreds digit of d?
1
Suppose -2*u - 2*u + 12 = -2*b, 3*u + b - 4 = 0. Suppose 0 = -3*c + u*c. Let z(w) = -2*w + 17. What is the tens digit of z(c)?
1
Suppose -1 = -2*f + t, 3*f - t - 15 = -4*t. Suppose -18 = -f*x - 2. What is the units digit of 102/4*x/12?
7
Suppose 3 = 5*s - 4*n - 0, -3*s = -4*n + 3. Suppose j - 3576 = -s*j. What is the tens digit of j/36 + 2/12?
2
Let y = -412 - -545. What is the hundreds digit of y?
1
What is the tens digit of 2521*11*(-11)/(-121)?
2
What is the hundreds digit of (-3)/(-8) + (-89193)/(-104)?
8
Let p = -1064 - -1814. What is the units digit of p?
0
Let f(n) = -2*n**2 + 18*n - 7. Let c be f(8). What is the units digit of (-18)/c - (-30)/(-1 - -4)?
8
Let f(b) = -134*b - 62. Let w be f(5). Let d = -519 - w. What is the hundreds digit of d?
2
Let s = 71 - 90. Let f be ((-36)/10)/((-2)/20). Let l = s + f. What is the tens digit of l?
1
Suppose 0 = -2*z - v + 2926, v + 5840 = 5*z - z. What is the units digit of z?
1
Let j(p) = -109*p. Suppose -16 = 3*s - 13. What is the hundreds digit of j(s)?
1
What is the units digit of 8/(1/(18 + 4))?
6
Let g(p) = 2*p**2 - p + 14. What is the units digit of g(13)?
9
Suppose 0*r - r = -3. Suppose -2*c + 755 = r*s, 2*s - c = s + 255. What is the tens digit of s?
5
Suppose -13*o + 35204 = 13*o. What is the hundreds digit of o?
3
What is the units digit of 3/(-7) + (-209682)/(-189)?
9
Suppose d - y - 112 - 22 = 0, 0 = -4*y + 16. What is the tens digit of d?
3
Let j = 33 + -32. Let r be 13/(-2 - 3*-1). Let c = r - j. What is the tens digit of c?
1
Let u(y) = -y - y + 0*y + y - 3. Let l be u(-3). Suppose 2*a + l*m - 18 = -4*m, -5 = a - 5*m. What is the units digit of a?
5
Let x(m) = m**3 - 12*m**2 + 10*m + 15. Let u be x(11). Suppose -4*f + 2*f - i = -29, -4*f + 40 = -u*i. What is the tens digit of f?
1
Let x = 9 - 26. Let g = x + 13. What is the units digit of (-3 - g)/(2/48)?
4
Let k be (44/33)/((-2)/(-6)). Suppose k*g = s - 95, -4*s - 5*g = -g - 460. What is the tens digit of s?
1
Let j(p) = -5*p**2 - 4*p + 17. Let s be j(-5). What is the tens digit of ((-1425)/100)/(6/s)?
0
Let s(n) = -90*n - 16. What is the tens digit of s(-6)?
2
Let m = 41 + -71. Let a be (-3)/9 + m/(-9). What is the units digit of 1*a - (2 + -1)?
2
Let k(g) be the third derivative of 11*g**4/24 - g**3/3 - 4*g**2. Let b be 3 + (-1 - -3 - 2). What is the units digit of k(b)?
1
Suppose -4*p + 70 = 3*x - 0, -5*x + 102 = 3*p. What is the units digit of x?
8
Let s(k) = 7*k**2 + 4*k + 1. Let b(r) = 2*r**2 + 13*r + 4. Let m be b(-6). What is the tens digit of s(m)?
2
Let o(u) = -u**3 - u**2 + 3*u - 4. Let z be o(-3). Suppose -z*d + 64 + 121 = 0. Suppose d*q - 36 = 35*q. What is the tens digit of q?
1
Suppose -2*r = -11 + 7. Suppose 4*i - 560 = -4*w, 4*i - r*w - 33 = 533. What is the units digit of (-6)/(-21) - i/(-21)?
7
Let w = 139 + 33. What is the units digit of -5 - (-1)/(4/w)?
8
Suppose 0*f + 2*f = 5*g - 23, -2*g + 3*f = -7. Suppose -b + g*x = 4*b - 1175, 0 = -2*b - 5*x + 491. What is the tens digit of b?
3
What is the tens digit of (-108)/1566 + 66499/29?
9
Suppose 3*j + 297 = q, -2*q + 449 = -5*j - 150. What is the tens digit of q?
1
Let y = 4 + -2. What is the tens digit of 140/((-12)/(-3)) + y?
3
Suppose 0 = -5*s - 3*z + 1493, 2*z = s - z - 295. Let h = s - 179. Let d = -70 + h. What is the tens digit of d?
4
Suppose -2*l + 0*l + 206 = 0. Let a be 1/(-1) + l + 0. Suppose 3*d - a = -9. What is the units digit of d?
1
Let f(r) = -3*r**3 + 19*r**2 + 5*r + 14. Let i(c) = -c**3 + 9*c**2 + 2*c + 7. Let l(z) = -2*f(z) + 5*i(z). Let s = 75 - 82. What is the units digit of l(s)?
7
Let 